{"id":4269,"date":"2021-08-22T17:53:35","date_gmt":"2021-08-22T22:53:35","guid":{"rendered":"http:\/\/ecopromocionales.com\/movilpe\/?page_id=4269"},"modified":"2021-08-22T20:47:43","modified_gmt":"2021-08-23T01:47:43","slug":"inscripcion-distribuidores","status":"publish","type":"page","link":"https:\/\/ecopromocionales.com\/movilpe\/inscripcion-distribuidores\/","title":{"rendered":"Inscripci\u00f3n al Programa de Distribuidores"},"content":{"rendered":"<p><div class=\"wpforms-container wpforms-container-full\" id=\"wpforms-4203\"><form id=\"wpforms-form-4203\" class=\"wpforms-validate wpforms-form\" data-formid=\"4203\" method=\"post\" enctype=\"multipart\/form-data\" action=\"\/movilpe\/wp-json\/wp\/v2\/pages\/4269\" data-token=\"ca763d5b589c89f2afa497590222a90c\"><noscript class=\"wpforms-error-noscript\">Por favor, activa JavaScript en tu navegador para completar este formulario.<\/noscript><div class=\"wpforms-field-container\"><div id=\"wpforms-4203-field_1-container\" class=\"wpforms-field wpforms-field-name\" data-field-id=\"1\"><label class=\"wpforms-field-label\" for=\"wpforms-4203-field_1\">Raz\u00f3n Social <span class=\"wpforms-required-label\">*<\/span><\/label><input type=\"text\" id=\"wpforms-4203-field_1\" class=\"wpforms-field-medium wpforms-field-required\" name=\"wpforms[fields][1]\" required><\/div><div id=\"wpforms-4203-field_2-container\" class=\"wpforms-field wpforms-field-number\" data-field-id=\"2\"><label class=\"wpforms-field-label\" for=\"wpforms-4203-field_2\">RUC <span class=\"wpforms-required-label\">*<\/span><\/label><input type=\"number\" pattern=\"\\d*\" id=\"wpforms-4203-field_2\" class=\"wpforms-field-medium wpforms-field-required\" name=\"wpforms[fields][2]\" required><\/div><div id=\"wpforms-4203-field_9-container\" class=\"wpforms-field wpforms-field-text\" data-field-id=\"9\"><label class=\"wpforms-field-label\" for=\"wpforms-4203-field_9\">Actividad comercial <span class=\"wpforms-required-label\">*<\/span><\/label><input type=\"text\" id=\"wpforms-4203-field_9\" class=\"wpforms-field-medium wpforms-field-required\" name=\"wpforms[fields][9]\" required><div class=\"wpforms-field-description\">Solo podr\u00e1n registrarse empresas que desarrollen actividades comerciales relacionadas o afines.<\/div><\/div><div id=\"wpforms-4203-field_8-container\" class=\"wpforms-field wpforms-field-checkbox\" data-field-id=\"8\"><label class=\"wpforms-field-label\" for=\"wpforms-4203-field_8\">Canales de venta, comercializaci\u00f3n y\/o distribuci\u00f3n <span class=\"wpforms-required-label\">*<\/span><\/label><ul id=\"wpforms-4203-field_8\" class=\"wpforms-field-required\"><li class=\"choice-1 depth-1\"><input type=\"checkbox\" id=\"wpforms-4203-field_8_1\" name=\"wpforms[fields][8][]\" value=\"Tienda online o pagina web\" required ><label class=\"wpforms-field-label-inline\" for=\"wpforms-4203-field_8_1\">Tienda online o pagina web<\/label><\/li><li class=\"choice-2 depth-1\"><input type=\"checkbox\" id=\"wpforms-4203-field_8_2\" name=\"wpforms[fields][8][]\" value=\"Puntos de venta f\u00edsicos\" required ><label class=\"wpforms-field-label-inline\" for=\"wpforms-4203-field_8_2\">Puntos de venta f\u00edsicos<\/label><\/li><li class=\"choice-3 depth-1\"><input type=\"checkbox\" id=\"wpforms-4203-field_8_3\" name=\"wpforms[fields][8][]\" value=\"Redes sociales\" required ><label class=\"wpforms-field-label-inline\" for=\"wpforms-4203-field_8_3\">Redes sociales<\/label><\/li><li class=\"choice-4 depth-1\"><input type=\"checkbox\" id=\"wpforms-4203-field_8_4\" name=\"wpforms[fields][8][]\" value=\"Otros. \u00bfCuales?\" required ><label class=\"wpforms-field-label-inline\" for=\"wpforms-4203-field_8_4\">Otros. \u00bfCuales?<\/label><\/li><\/ul><\/div><div id=\"wpforms-4203-field_4-container\" class=\"wpforms-field wpforms-field-text\" data-field-id=\"4\"><input type=\"text\" id=\"wpforms-4203-field_4\" class=\"wpforms-field-small\" name=\"wpforms[fields][4]\" ><\/div><div id=\"wpforms-4203-field_6-container\" class=\"wpforms-field wpforms-field-text\" data-field-id=\"6\"><label class=\"wpforms-field-label\" for=\"wpforms-4203-field_6\">Direcci\u00f3n de canales de venta, comercializaci\u00f3n y\/o distribuci\u00f3n <span class=\"wpforms-required-label\">*<\/span><\/label><input type=\"text\" id=\"wpforms-4203-field_6\" class=\"wpforms-field-medium wpforms-field-required\" name=\"wpforms[fields][6]\" required><div class=\"wpforms-field-description\">Direcci\u00f3n f\u00edsica de la tienda o URL del canal de comercializaci\u00f3n y\/o promoci\u00f3n donde distribuir\u00e1 los productos Eco Regalos<\/div><\/div><div id=\"wpforms-4203-field_13-container\" class=\"wpforms-field wpforms-field-radio\" data-field-id=\"13\"><label class=\"wpforms-field-label\" for=\"wpforms-4203-field_13\">\u00bfOfrece pago a cr\u00e9dito a sus clientes? <span class=\"wpforms-required-label\">*<\/span><\/label><ul id=\"wpforms-4203-field_13\" class=\"wpforms-field-required\"><li class=\"choice-1 depth-1\"><input type=\"radio\" id=\"wpforms-4203-field_13_1\" name=\"wpforms[fields][13]\" value=\"Si\" required ><label class=\"wpforms-field-label-inline\" for=\"wpforms-4203-field_13_1\">Si<\/label><\/li><li class=\"choice-2 depth-1\"><input type=\"radio\" id=\"wpforms-4203-field_13_2\" name=\"wpforms[fields][13]\" value=\"No\" required ><label class=\"wpforms-field-label-inline\" for=\"wpforms-4203-field_13_2\">No<\/label><\/li><\/ul><\/div><div id=\"wpforms-4203-field_3-container\" class=\"wpforms-field wpforms-field-checkbox\" data-field-id=\"3\"><label class=\"wpforms-field-label\" for=\"wpforms-4203-field_3\">T\u00e9rminos y condiciones:  <span class=\"wpforms-required-label\">*<\/span><\/label><ul id=\"wpforms-4203-field_3\" class=\"wpforms-field-required\"><li class=\"choice-1 depth-1\"><input type=\"checkbox\" id=\"wpforms-4203-field_3_1\" name=\"wpforms[fields][3][]\" value=\"Declaro que soy el representante legal de la empresa registrada y que comprendo y acepto los T\u00e9rminos y Condiciones expresadas para participar en el programa de distribuidores.\" required ><label class=\"wpforms-field-label-inline\" for=\"wpforms-4203-field_3_1\">Declaro que soy el representante legal de la empresa registrada y que comprendo y acepto los T\u00e9rminos y Condiciones expresadas para participar en el programa de distribuidores.<\/label><\/li><\/ul><\/div><\/div><div class=\"wpforms-submit-container\" ><input type=\"hidden\" name=\"wpforms[id]\" value=\"4203\"><input type=\"hidden\" name=\"wpforms[author]\" value=\"5\"><button type=\"submit\" name=\"wpforms[submit]\" class=\"wpforms-submit \" id=\"wpforms-submit-4203\" value=\"wpforms-submit\" aria-live=\"assertive\" data-alt-text=\"Enviando...\" data-submit-text=\"Enviar\">Enviar<\/button><\/div><\/form><\/div>  <!-- .wpforms-container --><!--more--><\/p>\n<p><span style=\"color: #0000ff;\"><a style=\"color: #0000ff;\" href=\"http:\/\/ecopromocionales.com\/movilpe\/condiciones_distribuidores\/\" target=\"_blank\" rel=\"noopener\">Ver t\u00e9rminos y condiciones<\/a><\/span><\/p>\n","protected":false},"excerpt":{"rendered":"","protected":false},"author":5,"featured_media":0,"parent":0,"menu_order":0,"comment_status":"closed","ping_status":"closed","template":"","meta":[],"_links":{"self":[{"href":"https:\/\/ecopromocionales.com\/movilpe\/wp-json\/wp\/v2\/pages\/4269"}],"collection":[{"href":"https:\/\/ecopromocionales.com\/movilpe\/wp-json\/wp\/v2\/pages"}],"about":[{"href":"https:\/\/ecopromocionales.com\/movilpe\/wp-json\/wp\/v2\/types\/page"}],"author":[{"embeddable":true,"href":"https:\/\/ecopromocionales.com\/movilpe\/wp-json\/wp\/v2\/users\/5"}],"replies":[{"embeddable":true,"href":"https:\/\/ecopromocionales.com\/movilpe\/wp-json\/wp\/v2\/comments?post=4269"}],"version-history":[{"count":6,"href":"https:\/\/ecopromocionales.com\/movilpe\/wp-json\/wp\/v2\/pages\/4269\/revisions"}],"predecessor-version":[{"id":4311,"href":"https:\/\/ecopromocionales.com\/movilpe\/wp-json\/wp\/v2\/pages\/4269\/revisions\/4311"}],"wp:attachment":[{"href":"https:\/\/ecopromocionales.com\/movilpe\/wp-json\/wp\/v2\/media?parent=4269"}],"curies":[{"name":"wp","href":"https:\/\/api.w.org\/{rel}","templated":true}]}}