{"id":4625,"date":"2020-01-10T09:11:00","date_gmt":"2020-01-10T14:11:00","guid":{"rendered":"http:\/\/ecopromocionales.com\/movilpe\/?page_id=4625"},"modified":"2023-07-12T16:31:31","modified_gmt":"2023-07-12T21:31:31","slug":"especificaciones","status":"publish","type":"page","link":"https:\/\/ecopromocionales.com\/movilpe\/especificaciones\/","title":{"rendered":"Especificaciones y Recomendaciones t\u00e9cnicas"},"content":{"rendered":"<p><b>POL\u00cdTICAS DE CALIDAD:<\/b><\/p>\n<p>&#8211; La calidad de la imagen enviada por el cliente, determinar\u00e1 la calidad final del producto.<\/p>\n<p>&#8211; Los formatos para la impresi\u00f3n son:<\/p>\n<p style=\"padding-left: 30px;\">\u2022\u00a0 Archivos vectoriales (<strong>ILLUSTRATOR o PDF editable<\/strong>)<\/p>\n<p style=\"padding-left: 30px;\">\u2022Im\u00e1genes (<strong>JPG, PNG<\/strong>) de alta calidad\u00a0<span style=\"color: #333333;\">300 ppp<\/span> en cualquiera de sus lados.\u00a0 (<em>V\u00e1lido solo para impresi\u00f3n de papel semilla o ecol\u00f3gico<\/em>. <em>No aplica para grabado, serigraf\u00eda o\u00a0<\/em><i>tampograf\u00eda<\/i>). Las im\u00e1genes con resoluciones inferiores, borrosas o pixeladas pierden calidad y afectaran el resultado final.<\/p>\n<p><!--more--><\/p>\n<p><strong>Plantilla gu\u00eda de dise\u00f1o.<\/strong><\/p>\n<p>La plantilla gu\u00eda de dise\u00f1o es un archivo editable que incluye las medidas, instrucciones de siembra recomendadas y <a href=\"http:\/\/ecopromocionales.com\/movilpe\/wp-content\/uploads\/2022\/03\/Especificaciones_PAPEL_SEMILLA.jpg\">algunas recomendaciones<\/a> t\u00e9cnicas que sirven de gu\u00eda para la elaboraci\u00f3n del dise\u00f1o \/arte.<\/p>\n<p>&nbsp;<\/p>\n<p><strong>Impresi\u00f3n:<\/strong><\/p>\n<p>El \u00e1rea segura de impresi\u00f3n, es la zona donde se pueden ubicar los elementos gr\u00e1ficos de dise\u00f1o como (<em>textos, logos, ilustraciones, c\u00f3digos, etc<\/em>)<\/p>\n<p>Nos aseguramos que cada pieza contenga todos los gr\u00e1ficos que se encuentren dentro del \u00e1rea segura de impresi\u00f3n.\u00a0 Los elementos que queden por fuera del \u00e1rea segura podr\u00e1n resultar cortados.<\/p>\n<p>El dise\u00f1o debe ir hasta el contorno, no debe llevar sangre\/sangria\/sangrados.<\/p>\n<p>El producto final puede no salir centrado totalmente dado a la absorci\u00f3n natural del sustrato imprimible y su proceso de impresi\u00f3n artesanal ecol\u00f3gica.<\/p>\n<p>El arte no debe llevar l\u00edneas de corte ni plegado o \u00e9stas podr\u00e1n salir en el resultado final.<\/p>\n<p>El arte no debe llevar fondos de color por la absorci\u00f3n natural del sustrato.<\/p>\n<p>No se recomienda el uso de marcos, recuadros, cercos o molduras dentro del dise\u00f1o puesto que pueden salir movidos o cortados.<\/p>\n<p>&nbsp;<\/p>\n<p><strong>Colores y tonalidades.<\/strong><\/p>\n<p>Los colores pueden variar levemente en sus tonalidades por la absorci\u00f3n natural del sustrato imprimible.<\/p>\n<p>El perfil de color debe ser <strong>CMYK<\/strong> (<em>sin perfiles de colores incrustados<\/em>) de lo contrario los colores se percibir\u00e1n diferente a como se ven en pantalla.<\/p>\n<p>No s\u00e9 recomienda el uso del color blanco, amarillo o tonos muy claros para textos o elementos\u00a0 peque\u00f1os puesto que resultar\u00e1n ilegibles por la absorci\u00f3n propia del sustrato imprimible.<\/p>\n<p>No s\u00e9 recomienda el uso de colores oscuros, se podr\u00e1n percibir opacos por la absorci\u00f3n natural del sustrato imprimible.<\/p>\n<p>&nbsp;<\/p>\n<p><strong>Textos y Tipograf\u00eda<\/strong><\/p>\n<p>Los textos menores a <strong>6 pts<\/strong> no ser\u00e1n legibles en el resultado final.<\/p>\n<p>No s\u00e9 recomienda el uso del color blanco o de tonos muy claros para <strong>textos peque\u00f1os<\/strong> puesto que resultar\u00e1n ilegibles por la absorci\u00f3n natural del sustrato imprimible.<\/p>\n<p>Los textos deber\u00e1n estar convertidos en curvas. De lo contrario la tipograf\u00eda podr\u00eda ser reemplazada por el programa de dise\u00f1o por una similar.<\/p>\n<p>&nbsp;<\/p>\n<p><strong>Instrucciones de siembra<\/strong><\/p>\n<p>Recomendamos el uso de las instrucciones de siembra dentro de la imagen gr\u00e1fica del producto para asegurar una correcta germinaci\u00f3n. La ubicaci\u00f3n de las mismas es libre y har\u00e1 parte\u00a0 del arte final a cargo del cliente\/solicitante.<\/p>\n<p>EL cliente podr\u00e1 inscribirse en el <a href=\"http:\/\/ecopromocionales.com\/movilpe\/soporte-tecnico\/\">Programa de Soporte y Acompa\u00f1amiento<\/a>\u00a0 para recibir asesor\u00eda o mas informaci\u00f3n con relaci\u00f3n a la planta\u00a0 y sus cuidados.<\/p>\n<p>&nbsp;<\/p>\n<p><strong>Observaciones, advertencias o anotaciones.<\/strong><\/p>\n<p>Si el \u00e1rea de impresi\u00f3n se percata de alg\u00fan elemento gr\u00e1fico que pueda afectar el dise\u00f1o lo notificar\u00e1 como una observaci\u00f3n. Sin embargo es responsabilidad del cliente asegurarse que el dise\u00f1o\/arte se encuentre \u00f3ptimo y de acuerdo a su necesidad.\u00a0 Eco Regalos no se hace responsable por omisiones del cliente a las especificaciones y recomendaciones t\u00e9cnicas.<\/p>\n<h4 style=\"padding-left: 30px;\"><span style=\"color: #333333;\"><strong>Tips.<\/strong><\/span><\/h4>\n<p style=\"padding-left: 30px;\"><span style=\"color: #333333;\">&#8211; Usar el color natural del material ecol\u00f3gico como fondo da un aspecto m\u00e1s org\u00e1nico a las piezas.<\/span><\/p>\n<p style=\"padding-left: 30px;\"><span style=\"color: #333333;\">&#8211; Ubicar las instrucciones de siembra dentro del dise\u00f1o\/arte para asegurar una buena germinaci\u00f3n.<\/span><\/p>\n<p style=\"padding-left: 30px;\"><span style=\"color: #333333;\">&#8211; Utilizar colores oscuros para los textos facilitar\u00e1 su lectura.<\/span><\/p>\n<p><span style=\"color: #333333;\"><!--more--><\/span><\/p>\n<h4 style=\"padding-left: 30px;\"><span style=\"color: #333333;\"><strong>\u00bfNecesitas ayuda con tu arte?<\/strong><\/span><\/h4>\n<p>&nbsp;<\/p>\n<p style=\"padding-left: 30px;\"><span style=\"color: #333333;\"><b>El servicio de diagramaci\u00f3n\u00a0o maquetaci\u00f3n <\/b>es una colaboraci\u00f3n\u00a0que recibes por parte del \u00e1rea\u00a0de dise\u00f1o en la ubicaci\u00f3n de los elementos gr\u00e1ficos\u00a0<em>(logos, slogan, ilustraciones, textos, im\u00e1genes, fotograf\u00edas, etc.)<\/em> de tu marca dentro de la plantilla gu\u00eda de dise\u00f1o. <\/span><\/p>\n<p style=\"padding-left: 30px;\"><span style=\"color: #333333;\">Esta colaboraci\u00f3n\u00a0<strong>no tiene un valor adicional,<\/strong> solo deber\u00e1s seguir las siguientes recomendaciones.<\/span><\/p>\n<p style=\"padding-left: 30px;\"><span style=\"color: #333333;\"><strong>IMAGENES<\/strong><\/span><\/p>\n<p style=\"padding-left: 30px;\"><span style=\"color: #333333;\">&#8211; Adjunta los elementos gr\u00e1ficos que quieres que aparezcan en tu arte, como logos, ilustraciones o im\u00e1genes en formato <strong>AI. PDF. PNG o JPG (Foto) de alta calidad.<\/strong><\/span><\/p>\n<p style=\"padding-left: 30px;\"><span style=\"color: #333333;\"><em>Para trabajos con grabados, serigrafia, tampograf\u00eda solo se aceptan formatos vectoriales ( AI o PDF editable).<\/em><\/span><\/p>\n<p style=\"padding-left: 30px;\"><span style=\"color: #333333;\"><strong>TEXTOS<\/strong><\/span><\/p>\n<p style=\"padding-left: 30px;\"><span style=\"color: #333333;\">&#8211; Env\u00edanos los textos tal cual quieras que aparezcan en el arte final, no olvides revisar signos de puntuaci\u00f3n y ortograf\u00eda.\u00a0<\/span><\/p>\n<p style=\"padding-left: 30px;\"><span style=\"color: #333333;\">&#8211; Si quieres usar una tipograf\u00eda (tipo de letra) especial o particular en tu dise\u00f1o debes enviarnos un PDF vectorial (o AI)\u00a0 con los textos en curvas\u00a0 o la fuente para su instalaci\u00f3n. <strong>De lo contrario se elegir\u00e1 una tipograf\u00eda (tipo de letra) al azar.<\/strong><\/span><\/p>\n<p style=\"padding-left: 30px;\"><span style=\"color: #333333;\"><strong>DIAGRAMACI\u00d3N<\/strong><\/span><\/p>\n<p style=\"padding-left: 30px;\"><span style=\"color: #333333;\">&#8211; Procura enviarnos un borrador con la ubicaci\u00f3n de los gr\u00e1ficos, para acelerar tu proceso de dise\u00f1o. <em>(Puede ser manual o digital). <\/em>Ten presente el tama\u00f1o y medidas de la pieza que adquiriste para la cantidad de gr\u00e1ficos que quieras a\u00f1adir dentro. No queremos que resulte sobrecargada o ilegible.\u00a0<\/span><\/p>\n<p style=\"padding-left: 30px;\"><span style=\"color: #333333;\"><b>Tiempo de <\/b><b>elaboraci\u00f3n<\/b><b>:<\/b>\u00a0 3 a 8 d\u00edas h\u00e1biles.<\/span><\/p>\n<p style=\"padding-left: 30px;\"><span style=\"color: #333333;\"><em><strong>*Recuerda que cada vez que realizas una solicitud de cambio o modificaci\u00f3n ingresas nuevamente en cola y comienza a contar de nuevo el tiempo de elaboraci\u00f3n.\u00a0<\/strong><\/em><\/span><\/p>\n","protected":false},"excerpt":{"rendered":"<p>POL\u00cdTICAS DE CALIDAD: &#8211; La calidad de la imagen enviada por el cliente, determinar\u00e1 la calidad final del producto. &#8211; Los formatos para la impresi\u00f3n son: \u2022\u00a0 Archivos vectoriales (ILLUSTRATOR o PDF editable) \u2022Im\u00e1genes (JPG, PNG) de alta calidad\u00a0300 ppp en cualquiera de sus lados.\u00a0 (V\u00e1lido solo para impresi\u00f3n de papel semilla o ecol\u00f3gico. No [&hellip;]<\/p>\n","protected":false},"author":5,"featured_media":0,"parent":0,"menu_order":0,"comment_status":"closed","ping_status":"closed","template":"","meta":[],"_links":{"self":[{"href":"https:\/\/ecopromocionales.com\/movilpe\/wp-json\/wp\/v2\/pages\/4625"}],"collection":[{"href":"https:\/\/ecopromocionales.com\/movilpe\/wp-json\/wp\/v2\/pages"}],"about":[{"href":"https:\/\/ecopromocionales.com\/movilpe\/wp-json\/wp\/v2\/types\/page"}],"author":[{"embeddable":true,"href":"https:\/\/ecopromocionales.com\/movilpe\/wp-json\/wp\/v2\/users\/5"}],"replies":[{"embeddable":true,"href":"https:\/\/ecopromocionales.com\/movilpe\/wp-json\/wp\/v2\/comments?post=4625"}],"version-history":[{"count":21,"href":"https:\/\/ecopromocionales.com\/movilpe\/wp-json\/wp\/v2\/pages\/4625\/revisions"}],"predecessor-version":[{"id":4871,"href":"https:\/\/ecopromocionales.com\/movilpe\/wp-json\/wp\/v2\/pages\/4625\/revisions\/4871"}],"wp:attachment":[{"href":"https:\/\/ecopromocionales.com\/movilpe\/wp-json\/wp\/v2\/media?parent=4625"}],"curies":[{"name":"wp","href":"https:\/\/api.w.org\/{rel}","templated":true}]}}