{"id":1233,"date":"2019-01-31T12:06:30","date_gmt":"2019-01-31T17:06:30","guid":{"rendered":"http:\/\/ecopromocionales.com\/movilpe\/?post_type=product&#038;p=1233"},"modified":"2023-09-12T20:52:55","modified_gmt":"2023-09-13T01:52:55","slug":"18","status":"publish","type":"product","link":"https:\/\/ecopromocionales.com\/movilpe\/producto\/18\/","title":{"rendered":"Bons\u00e1i Pre Plantado + Caja de Regalo <br><font size=\"2\"> Cantidad min\u00edma: 500 Unidades <\/font>"},"content":{"rendered":"<p><span style=\"color: #808080;\">Cantidad M\u00ednima de Personalizaci\u00f3n: 100 unidades<\/span><\/p>\n<p><span style=\"color: #808080;\">Solicita la plantilla de dise\u00f1o para elaborar el arte con tu marca, dise\u00f1o o evento.<\/span><\/p>\n<p><span style=\"color: #999999;\"><em><strong>Consulta disponibilidad<\/strong><\/em><\/span><\/p>\n<p><span style=\"color: #333333;\"><strong>Este producto esta disponible para venta por unidad\u00a0\u00a0<\/strong><em>(No incluye personalizaci\u00f3n)<\/em><\/span><\/p>\n<p>&nbsp;<\/p>\n<p>&nbsp;<\/p>\n","protected":false},"excerpt":{"rendered":"<p><span style=\"color: #808080;\">Kit sencillo para germinar y comenzar el proceso de <strong>un lindo bons\u00e1i desde semilla<\/strong> en ecogerminador.<\/span><\/p>\n<p><strong><span style=\"color: #808080;\">Viene en una hermosa y creativa caja de regalo personalizada con tu imagen.<\/span><\/strong><\/p>\n<p><span style=\"color: #33cccc;\"><strong>Solo debes abrir, agregar agua al eco germinador de sustratos y ver\u00e1s germinar d\u00eda a d\u00eda tu Bons\u00e1i de \u00e1rbol.<\/strong><\/span><\/p>\n<p><strong><span style=\"color: #33cccc;\">Personalizaci\u00f3n incluida:\u00a0<\/span><\/strong><\/p>\n<p><span style=\"color: #808080;\">Tu dise\u00f1o, marca o mensaje\u00a0<strong>full color<\/strong>\u00a0en la caja de regalo.<\/span><\/p>\n<p><strong><span style=\"color: #33cccc;\">El Kit Incluye:<\/span><\/strong><\/p>\n<p><span style=\"color: #808080;\">&#8211;\u00a0 Caja\u00a0de regalo\u00a0personalizada <strong>full color<\/strong>\u00a0.<\/span><\/p>\n<p>&#8211;\u00a0 <span style=\"color: #808080;\">Eco germinador con s<\/span><span style=\"color: #808080;\">emillas\u00a0pre plantadas para germinar un bons\u00e1i.<\/span><\/p>\n<p><span style=\"color: #808080;\">&#8211;\u00a0 Bandeja de riego Ecol\u00f3gica Compostable. (Color seg\u00fan disponibilidad)<\/span><\/p>\n<p><span style=\"color: #808080;\">&#8211;\u00a0 Etiqueta de instrucciones personalizada.<\/span><\/p>\n<p><span style=\"color: #808080;\">&#8211;\u00a0List\u00f3n con mo\u00f1o o cord\u00f3n natural en yute.<\/span><\/p>\n<p><span style=\"color: #33cccc;\"><strong>Tama\u00f1o caja de regalo:<\/strong><\/span><\/p>\n<p><span style=\"color: #808080;\"><span style=\"color: #33cccc;\"><strong>Cerrada:<\/strong>\u00a0<\/span>9 cm de altura x 10.5 de ancho.<\/span><\/p>\n<p><span style=\"color: #808080;\"><span style=\"color: #33cccc;\"><strong>Abierta:\u00a0<\/strong><\/span>18 cm de altura por 10.5 de ancho.<\/span><\/p>\n<p><span style=\"color: #808080;\"><strong><span style=\"color: #33cccc;\">Adicional y opcional:<\/span><\/strong> <\/span><\/p>\n<p><span style=\"color: #808080;\">&#8211; Maceta ecol\u00f3gica de Fibra de Coco<\/span><\/p>\n<p><span style=\"color: #808080;\">&#8211;\u00a0Maceta ecol\u00f3gica de Fibra de Trigo<\/span><\/p>\n","protected":false},"featured_media":1234,"comment_status":"open","ping_status":"closed","template":"","meta":[],"_links":{"self":[{"href":"https:\/\/ecopromocionales.com\/movilpe\/wp-json\/wp\/v2\/product\/1233"}],"collection":[{"href":"https:\/\/ecopromocionales.com\/movilpe\/wp-json\/wp\/v2\/product"}],"about":[{"href":"https:\/\/ecopromocionales.com\/movilpe\/wp-json\/wp\/v2\/types\/product"}],"replies":[{"embeddable":true,"href":"https:\/\/ecopromocionales.com\/movilpe\/wp-json\/wp\/v2\/comments?post=1233"}],"wp:featuredmedia":[{"embeddable":true,"href":"https:\/\/ecopromocionales.com\/movilpe\/wp-json\/wp\/v2\/media\/1234"}],"wp:attachment":[{"href":"https:\/\/ecopromocionales.com\/movilpe\/wp-json\/wp\/v2\/media?parent=1233"}],"curies":[{"name":"wp","href":"https:\/\/api.w.org\/{rel}","templated":true}]}}