{"id":1664,"date":"2019-04-23T23:44:39","date_gmt":"2019-04-24T04:44:39","guid":{"rendered":"http:\/\/ecopromocionales.com\/movilpe\/?post_type=product&#038;p=1664"},"modified":"2022-09-13T15:35:16","modified_gmt":"2022-09-13T20:35:16","slug":"375","status":"publish","type":"product","link":"https:\/\/ecopromocionales.com\/movilpe\/producto\/375\/","title":{"rendered":"Rompecabezas Sembrables<br><font size=\"2\"> Cantidad min\u00edma: 1000 Unidades <\/font>"},"content":{"rendered":"<p><span style=\"color: #808080;\"><span style=\"color: #008080;\"><b>Adicional:<\/b><\/span>\u00a0Tapa<\/span><span style=\"color: #808080;\">\u00a0con sistema abre f\u00e1cil\u00a0\u00a0<\/span><!--more--><\/p>\n<h5><strong><span style=\"color: #808080;\">Solicita la plantilla de dise\u00f1o para elaborar el arte con tu marca o dise\u00f1o.<\/span><\/strong><\/h5>\n<h5><a href=\"http:\/\/ecopromocionales.com\/movilpe\/wp-content\/uploads\/2022\/03\/Especificaciones_PAPEL_SEMILLA.jpg\" target=\"_blank\" rel=\"noopener\"><span style=\"color: #0000ff;\">Ver especificaciones t\u00e9cnicas y recomendaciones de dise\u00f1o dando click aqu\u00ed.<\/span><\/a><\/h5>\n<h5><\/h5>\n","protected":false},"excerpt":{"rendered":"<p><span style=\"color: #808080;\">[xyz-ips snippet=\"solicitarcotizacion\"]<\/span><\/p>\n<p><span style=\"color: #808080;\">Rompecabezas publicitarios con tu imagen o mensaje en el envase ecol\u00f3gico degradable y en el rompecabezas plantable.<\/span><\/p>\n<p><span style=\"color: #008080;\"><strong>Las piezas del rompecabezas se siembran y germinan en plantas que pueden ser flores, hortalizas o un \u00e1rboles<\/strong><\/span><\/p>\n<p><span style=\"color: #808080;\">Desarrollamos rompecabezas personalizados como herramienta de fidelizaci\u00f3n de clientes con fines publicitarios, corporativos o como invitaciones para eventos sociales y empresariales.<\/span><\/p>\n<p><span style=\"color: #808080;\"><span style=\"color: #008080;\"><strong>Rompecabezas plantable<\/strong>: <\/span>12 piezas<\/span><\/p>\n<p><span style=\"color: #808080;\"><span style=\"color: #008080;\"><strong>Tama\u00f1o rompecabezas:<\/strong><\/span> 13 cm x 10 cm<\/span><\/p>\n<p><span style=\"color: #808080;\"><span style=\"color: #008080;\"><strong>Tama\u00f1o del envase degradable:<\/strong> <\/span>6.0 x 6,3 cm<\/span><\/p>\n<p><span style=\"color: #008080;\"><strong>Personalizaci\u00f3n incluida:<\/strong><\/span><\/p>\n<p><span style=\"color: #808080;\">-Tu marca o dise\u00f1o<strong> full color en el rompecabezas<\/strong> con semillas.<\/span><\/p>\n<p><span style=\"color: #808080;\">-Tu marca o dise\u00f1o <strong>full color en el envase<\/strong> ecol\u00f3gico degradable.<\/span><\/p>\n","protected":false},"featured_media":400,"comment_status":"open","ping_status":"closed","template":"","meta":[],"_links":{"self":[{"href":"https:\/\/ecopromocionales.com\/movilpe\/wp-json\/wp\/v2\/product\/1664"}],"collection":[{"href":"https:\/\/ecopromocionales.com\/movilpe\/wp-json\/wp\/v2\/product"}],"about":[{"href":"https:\/\/ecopromocionales.com\/movilpe\/wp-json\/wp\/v2\/types\/product"}],"replies":[{"embeddable":true,"href":"https:\/\/ecopromocionales.com\/movilpe\/wp-json\/wp\/v2\/comments?post=1664"}],"wp:featuredmedia":[{"embeddable":true,"href":"https:\/\/ecopromocionales.com\/movilpe\/wp-json\/wp\/v2\/media\/400"}],"wp:attachment":[{"href":"https:\/\/ecopromocionales.com\/movilpe\/wp-json\/wp\/v2\/media?parent=1664"}],"curies":[{"name":"wp","href":"https:\/\/api.w.org\/{rel}","templated":true}]}}