{"id":2273,"date":"2020-06-05T22:12:18","date_gmt":"2020-06-06T03:12:18","guid":{"rendered":"http:\/\/ecopromocionales.com\/movilpe\/?post_type=product&#038;p=2273"},"modified":"2022-10-09T16:13:05","modified_gmt":"2022-10-09T21:13:05","slug":"caja-ecologica-para-vino-o-pisco","status":"publish","type":"product","link":"https:\/\/ecopromocionales.com\/movilpe\/producto\/caja-ecologica-para-vino-o-pisco\/","title":{"rendered":"Caja Ecol\u00f3gica para Vino o Pisco"},"content":{"rendered":"<p><em><span style=\"color: #808080;\">Este producto no contiene semillas<\/span><\/em><\/p>\n<p><span style=\"color: #808080;\"><em>Solicita la plantilla de dise\u00f1o y cat\u00e1logo de formas para elaborar el arte con tu marca, dise\u00f1o o evento.<\/em><\/span><span style=\"color: #808080;\"><em>.<\/em><\/span><\/p>\n<p><strong>Consulte disponibilidad o stock<\/strong><\/p>\n<p>&nbsp;<\/p>\n","protected":false},"excerpt":{"rendered":"<p><span style=\"color: #808080;\">Linda caja para vino o pisco elaborada de material ecol\u00f3gico.<\/span><\/p>\n<p><strong style=\"color: #33cccc;\">Tama\u00f1o:<\/strong><\/p>\n<p><span style=\"color: #808080;\">37 x 10 x 10 cm<\/span><\/p>\n<div class=\"gmail_default\">\n<div class=\"gmail_default\"><strong style=\"color: #33cccc;\">Personalizaci\u00f3n adicional:<\/strong><\/div>\n<\/div>\n<ul>\n<li><span style=\"color: #808080;\">\u00a0Impresion de tu logo\u00a0<\/span><span style=\"color: #808080;\">a 1 color sobre el empaque.<\/span><\/li>\n<li><span style=\"color: #808080;\">Tag ecol\u00f3gico personalizado full color con tu marca o dise\u00f1o.<\/span><\/li>\n<li><span style=\"color: #808080;\">Etiqueta\u00a0adhesiva personalizada full color con tu marca o dise\u00f1o.<\/span><\/li>\n<\/ul>\n","protected":false},"featured_media":2278,"comment_status":"open","ping_status":"closed","template":"","meta":[],"_links":{"self":[{"href":"https:\/\/ecopromocionales.com\/movilpe\/wp-json\/wp\/v2\/product\/2273"}],"collection":[{"href":"https:\/\/ecopromocionales.com\/movilpe\/wp-json\/wp\/v2\/product"}],"about":[{"href":"https:\/\/ecopromocionales.com\/movilpe\/wp-json\/wp\/v2\/types\/product"}],"replies":[{"embeddable":true,"href":"https:\/\/ecopromocionales.com\/movilpe\/wp-json\/wp\/v2\/comments?post=2273"}],"wp:featuredmedia":[{"embeddable":true,"href":"https:\/\/ecopromocionales.com\/movilpe\/wp-json\/wp\/v2\/media\/2278"}],"wp:attachment":[{"href":"https:\/\/ecopromocionales.com\/movilpe\/wp-json\/wp\/v2\/media?parent=2273"}],"curies":[{"name":"wp","href":"https:\/\/api.w.org\/{rel}","templated":true}]}}