{"id":2636,"date":"2020-09-03T01:15:35","date_gmt":"2020-09-03T06:15:35","guid":{"rendered":"http:\/\/ecopromocionales.com\/movilpe\/?post_type=product&#038;p=2636"},"modified":"2023-10-03T00:26:17","modified_gmt":"2023-10-03T05:26:17","slug":"470","status":"publish","type":"product","link":"https:\/\/ecopromocionales.com\/movilpe\/producto\/470\/","title":{"rendered":"Caja de Regalo Ecol\u00f3gica <br><font size=\"2\"> Cantidad min\u00edma: 200 Unidades <\/font>"},"content":{"rendered":"<h5>Cantidades menores a 5.000 unidades sujetas a stock.<\/h5>\n<h5><strong><span style=\"color: #808080;\">Solicita la plantilla de dise\u00f1o para elaborar el arte con tu marca o dise\u00f1o.<\/span><\/strong><\/h5>\n<h5><a href=\"http:\/\/ecopromocionales.com\/movilpe\/wp-content\/uploads\/2021\/02\/Especificaciones-y-recomendaciones-papel-plantable-01.jpg\" target=\"_blank\" rel=\"noopener\"><span style=\"color: #0000ff;\">Ver especificaciones t\u00e9cnicas y recomendaciones de dise\u00f1o dando click aqu\u00ed.<\/span><\/a><\/h5>\n<h5><\/h5>\n","protected":false},"excerpt":{"rendered":"[xyz-ips snippet=\"solicitarcotizacion\"]\n<p><span style=\"color: #808080;\">Hermosa caja de regalo o empaque elaborada en material ecol\u00f3gico.<\/span><\/p>\n<p><span style=\"color: #808080;\"><b style=\"color: #808080;\">Fabricar tus <\/b><span style=\"color: #808080;\"><b>empaques<\/b><\/span><b style=\"color: #808080;\">\u00a0en materiales ecol\u00f3gicos es una verdadera acci\u00f3n verde que contribuye al cuidado del planeta y reduce tu huella de carbono.<\/b><span style=\"color: #808080;\">\u00a0\u00a0\u00a0<\/span><\/span><\/p>\n<p><strong><span style=\"color: #33cccc;\">Tama\u00f1o:\u00a0<\/span><\/strong><\/p>\n<p><span style=\"color: #808080;\">4.0 cm x 8.5 cm x 8.5 cm.<\/span><\/p>\n<p><strong><span style=\"color: #33cccc;\">Personalizaci\u00f3n incluida:<\/span><\/strong><\/p>\n<p><span style=\"color: #808080;\">&#8211; Tu dise\u00f1o, marca o mensaje <strong>full color<\/strong> en la Caja de regalo ecol\u00f3gica.\u00a0<\/span><\/p>\n<p><em><span style=\"color: #808080;\">No incluye cord\u00f3n en fibra natural.<\/span><\/em><\/p>\n","protected":false},"featured_media":2210,"comment_status":"open","ping_status":"closed","template":"","meta":[],"_links":{"self":[{"href":"https:\/\/ecopromocionales.com\/movilpe\/wp-json\/wp\/v2\/product\/2636"}],"collection":[{"href":"https:\/\/ecopromocionales.com\/movilpe\/wp-json\/wp\/v2\/product"}],"about":[{"href":"https:\/\/ecopromocionales.com\/movilpe\/wp-json\/wp\/v2\/types\/product"}],"replies":[{"embeddable":true,"href":"https:\/\/ecopromocionales.com\/movilpe\/wp-json\/wp\/v2\/comments?post=2636"}],"wp:featuredmedia":[{"embeddable":true,"href":"https:\/\/ecopromocionales.com\/movilpe\/wp-json\/wp\/v2\/media\/2210"}],"wp:attachment":[{"href":"https:\/\/ecopromocionales.com\/movilpe\/wp-json\/wp\/v2\/media?parent=2636"}],"curies":[{"name":"wp","href":"https:\/\/api.w.org\/{rel}","templated":true}]}}