{"id":315,"date":"2018-08-07T09:57:26","date_gmt":"2018-08-07T14:57:26","guid":{"rendered":"http:\/\/ecopromocionales.com\/movilpe\/?post_type=product&#038;p=315"},"modified":"2023-09-12T20:48:22","modified_gmt":"2023-09-13T01:48:22","slug":"99","status":"publish","type":"product","link":"https:\/\/ecopromocionales.com\/movilpe\/producto\/99\/","title":{"rendered":"Huerta Infantil en Caja de Regalo <br><font size=\"2\"> Cantidad min\u00edma: 1000 Unidades <\/font>"},"content":{"rendered":"<p><strong>Consulte disponibilidad o stock<\/strong><\/p>\n","protected":false},"excerpt":{"rendered":"<p><span style=\"color: #808080;\">Kit de huerto para ni\u00f1os o\u00a0 principiantes. Es muy f\u00e1cil, <strong>en tu casa puedes hacer tu huerta de fr\u00edjol, Zanahoria y lechuga.<\/strong><\/span><\/p>\n<p><strong><span style=\"color: #808080;\">Para germinar solo agrega agua y espera a ver germinar y crecer tus plantas!<\/span><\/strong><\/p>\n<p><span style=\"color: #808080;\"><strong><span style=\"color: #33cccc;\"><span style=\"font-family: Verdana; font-size: small;\">Este hermoso kit viene en caja de regalo incluye:<\/span><\/span><\/strong><\/span><\/p>\n<p><span style=\"color: #808080; font-family: Verdana;\">&#8211; Semilla de fr\u00edjol.<\/span><\/p>\n<p><span style=\"color: #808080; font-family: Verdana;\">&#8211; 6 Ecogerminadores de lechuga <\/span><\/p>\n<p><span style=\"color: #808080; font-family: Verdana;\">&#8211; 6 Eco germinadores de zanahoria<\/span><\/p>\n<p><span style=\"color: #808080; font-family: Verdana;\"> &#8211; 1 bandeja de germinaci\u00f3n con algod\u00f3n para el fr\u00edjol.<\/span><\/p>\n<p><span style=\"color: #808080; font-family: Verdana;\">&#8211; 2 Bandejas para germinaci\u00f3n de zanahoria y lechuga con seis cavidades cada una. <\/span><\/p>\n<p><span style=\"color: #808080; font-family: Verdana;\">&#8211; 2 rotuladores en madera para marcar cada especie\u00a0<\/span><\/p>\n<p><span style=\"font-family: Verdana; font-size: small; color: #808080;\"><b><i>Es muy f\u00e1cil y divertido.<\/i><\/b><\/span><\/p>\n<p><strong><span style=\"color: #33cccc; font-family: Verdana; font-size: small;\">Disfruta y aprende como germina una semilla, como crece una planta y como puedes usarla cuidando la naturaleza.<\/span><\/strong><\/p>\n<p>&nbsp;<\/p>\n","protected":false},"featured_media":786,"comment_status":"open","ping_status":"closed","template":"","meta":[],"_links":{"self":[{"href":"https:\/\/ecopromocionales.com\/movilpe\/wp-json\/wp\/v2\/product\/315"}],"collection":[{"href":"https:\/\/ecopromocionales.com\/movilpe\/wp-json\/wp\/v2\/product"}],"about":[{"href":"https:\/\/ecopromocionales.com\/movilpe\/wp-json\/wp\/v2\/types\/product"}],"replies":[{"embeddable":true,"href":"https:\/\/ecopromocionales.com\/movilpe\/wp-json\/wp\/v2\/comments?post=315"}],"wp:featuredmedia":[{"embeddable":true,"href":"https:\/\/ecopromocionales.com\/movilpe\/wp-json\/wp\/v2\/media\/786"}],"wp:attachment":[{"href":"https:\/\/ecopromocionales.com\/movilpe\/wp-json\/wp\/v2\/media?parent=315"}],"curies":[{"name":"wp","href":"https:\/\/api.w.org\/{rel}","templated":true}]}}