{"id":403,"date":"2018-08-07T12:49:38","date_gmt":"2018-08-07T17:49:38","guid":{"rendered":"http:\/\/ecopromocionales.com\/movilpe\/?post_type=product&#038;p=403"},"modified":"2023-10-05T14:16:56","modified_gmt":"2023-10-05T19:16:56","slug":"393","status":"publish","type":"product","link":"https:\/\/ecopromocionales.com\/movilpe\/producto\/393\/","title":{"rendered":"Tarjeta o Invitaci\u00f3n Ecol\u00f3gica con Semillas<br><font size=\"2\"> Cantidad min\u00edma: 500 Unidades <\/font>"},"content":{"rendered":"<p><strong><span style=\"color: #808080;\">Solicita la plantilla de dise\u00f1o para elaborar el arte con tu marca o dise\u00f1o.<\/span><\/strong><\/p>\n<h5><a href=\"http:\/\/ecopromocionales.com\/movilpe\/wp-content\/uploads\/2021\/02\/Especificaciones-y-recomendaciones-papel-plantable-01.jpg\" target=\"_blank\" rel=\"noopener\"><span style=\"color: #0000ff;\">Ver especificaciones t\u00e9cnicas y recomendaciones de dise\u00f1o dando click aqu\u00ed.<\/span><\/a><\/h5>\n<h5><em><span style=\"color: #808080;\">Este producto es elaborado con papel semilla (Capacidad germinativa: 70<\/span><\/em><span style=\"color: #808080;\">%<\/span><em><span style=\"color: #808080;\"> a 90<\/span><\/em><span style=\"color: #808080;\">%<\/span><em><span style=\"color: #808080;\"> )<\/span><\/em><em><span style=\"color: #808080;\"> Impreso con tintas ecol\u00f3gicas\u00a0a base de soya.<\/span><\/em><\/h5>\n","protected":false},"excerpt":{"rendered":"<p><span style=\"color: #808080;\">Tarjeta <strong>Ecol\u00f3gica<\/strong>, tipo invitaci\u00f3n que contiene una figura desprendible de <strong>papel semilla para germinar plantitas.<\/strong> La semilla la puedes seleccionar de acuerdo al dise\u00f1o de tu tarjeta.<\/span><\/p>\n<p><span style=\"color: #008080;\">La tarjeta se conserva con tu mensaje y <strong>el papel semilla desprendible se siembra para germinar un lindo bons\u00e1i, una flor o una arom\u00e1tica.<\/strong><\/span><\/p>\n<p><span style=\"color: #808080;\">Ideal para invitaciones, agradecimientos, felicitaciones en fechas especiales.<\/span><\/p>\n<p><span style=\"color: #008080;\"><strong>Personalizaci\u00f3n Incluida:<\/strong><\/span><\/p>\n<p><span style=\"color: #808080;\">&#8211; Tu marca, dise\u00f1o o mensaje a<strong> 2 colores<\/strong> en la tarjeta Ecol\u00f3gica <em>\u00a0(a partir de 500 unidades)<\/em><\/span><\/p>\n<p><span style=\"color: #808080;\">&#8211; Tu marca, dise\u00f1o o mensaje <strong>full color<\/strong> en la tarjeta Ecol\u00f3gica <em>\u00a0(a partir de 1000 unidades)<\/em><\/span><\/p>\n<p><span style=\"color: #808080;\">&#8211; Tu logo full color en la figura plantable.\u00a0<em>(a partir de 5000 unidades)<\/em><\/span><\/p>\n<h6><span style=\"color: #008080;\"><strong><i>Env\u00edanos<\/i><em>\u00a0tu dise\u00f1o, recuerda reservar un espacio para las instrucciones de siembra.<\/em><\/strong><\/span><\/h6>\n<p><!--more--><\/p>\n<p><span style=\"color: #008080;\"><strong>Semillas disponibles:\u00a0\u00a0<\/strong><\/span><span style=\"color: #0000ff;\"><a style=\"color: #0000ff;\" href=\"http:\/\/ecopromocionales.com\/movilpe\/semillas-de-temporada\/\" target=\"_blank\" rel=\"noopener\">Ver lista de especies de temporada<\/a><\/span><\/p>\n","protected":false},"featured_media":2453,"comment_status":"open","ping_status":"closed","template":"","meta":[],"_links":{"self":[{"href":"https:\/\/ecopromocionales.com\/movilpe\/wp-json\/wp\/v2\/product\/403"}],"collection":[{"href":"https:\/\/ecopromocionales.com\/movilpe\/wp-json\/wp\/v2\/product"}],"about":[{"href":"https:\/\/ecopromocionales.com\/movilpe\/wp-json\/wp\/v2\/types\/product"}],"replies":[{"embeddable":true,"href":"https:\/\/ecopromocionales.com\/movilpe\/wp-json\/wp\/v2\/comments?post=403"}],"wp:featuredmedia":[{"embeddable":true,"href":"https:\/\/ecopromocionales.com\/movilpe\/wp-json\/wp\/v2\/media\/2453"}],"wp:attachment":[{"href":"https:\/\/ecopromocionales.com\/movilpe\/wp-json\/wp\/v2\/media?parent=403"}],"curies":[{"name":"wp","href":"https:\/\/api.w.org\/{rel}","templated":true}]}}